4?
-7
Calculate 44 - (57 + (23 + -64 - -21)).
7
Evaluate 20 + -30 - (5 - 18) - (-2 + (0 - -1)).
4
Calculate -35 + -1 + (-1368 - -1390) + -32 + -1.
-47
Calculate -49 + 178 + (13 - 115).
27
Evaluate (32 - (-32 - -44)) + -3.
17
Evaluate 41 + -35 + -71 + -8 + 1.
-72
35 - 111 - (-35 + 6 - -9)
-56
What is the value of (46 - (31 - 1)) + 4 + -167 + 12?
-135
What is the value of (0 - 1) + (2941 - 3011)?
-71
-19 - ((16 - 8) + -9 + -54)
36
What is the value of -49 + (0 - (19 + 18 + -14) - -29)?
-43
Calculate -1 + (-9 - 0) + 27 + -3 + -5 + 10.
19
What is the value of (30 - 60 - -9 - -68) + 27?
74
What is the value of 99 - ((227 - 88) + 13)?
-53
Evaluate 0 - (-2 + (0 - -1 - 0) + (1352 - 1388)).
37
Evaluate -1 - 88 - ((-25 - -51) + -52).
-63
80 + -2 + -5 + (-14 - -2) + 7 + 2
70
-5 + -11 - -9 - (-2 + 5 + 54)
-64
Evaluate -49 + (35 - (-29 + 21)).
-6
Evaluate 8 + (-40 - (7 + 3)) - (-6 - (24 - 22)).
-34
What is (-3 + 2 - -11) + (12 - 2) + 1 + -82?
-61
-96 + (173 - 29) + -105
-57
46 + -20 + 4 + -37 - 142
-149
What is the value of -8 + (-4 + (-25 - -4) - -19)?
-14
Calculate 47 + -18 + (62 - 44).
47
-3 - 2 - -4 - (-48 - (-67 + 44))
24
-44 - (-627 - -597 - (-1 - 66))
-81
What is the value of -1 + -145 - (26547 + -26675)?
-18
(-2 - (0 - (-9 + 4)) - -36) + (116 - 120)
25
34 + -2 + (-54 - (28 + -29))
-21
26 - (83 - 33) - -27
3
What is the value of 35 - (98 - -41 - 39) - -45?
-20
What is the value of -118 - -114 - (-8 - 0 - 40)?
44
What is the value of (-164 - 3) + (-660 - -750)?
-77
What is the value of 40 - (89 + -37 + -1)?
-11
45 - (-5 + 32 + -9 + -9 - 7)
43
Evaluate 36 - ((36 - 13) + 34).
-21
Calculate -4 + 38 + (-18 - (-19 - -5)).
30
Evaluate 210 + -134 + 47 - 64.
59
What is (68 - 76) + (2 - -5) - (-10 + 20)?
-11
Calculate -21 - (-20 + 32 + -10 - 46).
23
Calculate 150 - 114 - (-2 - (-2 + -2 + -11)).
23
-4 + (1 + 7 + 4 - (-11 + -9 + 12))
16
What is the value of (-8 - ((-26 - -11) + 13)) + 12?
6
What is (2 + 13 + -13 - (8 + -5)) + 3 + 0?
2
Evaluate (0 - 1) + -78 + (18 - (1 + -14 - -26)).
-74
What is the value of (-82 - (-155 - -102)) + 72?
43
-22 + (-6 - -22) - (27 + -13)
-20
Calculate (85 + -12 - 1) + -100.
-28
Calculate 65 + 0 + -8 + ((-6 - -11) + -14 - -8).
56
Evaluate -277 + 179 - (44 + -14).
-128
(6 - -46 - 45 - (0 + 2)) + (-36 - -2)
-29
Calculate -23 - 1 - (-7 + (16 - (34 + -18))).
-17
Calculate (-11 - -9) + 8 + 62 + -17 + 0.
51
2 - (0 - 21 - (6 - -93 - 95))
27
(66 + -54 - 55) + 1 + 0 - -14
-28
Evaluate (-12 - ((8 - 8) + -12)) + -1.
-1
What is the value of 33 - (-5 - (19 - 41)) - 3?
13
29 - 14 - (8 - -39)
-32
Evaluate -4 + -113 - (146 - 260).
-3
What is 35 - (31 + -58 + -5 + 28)?
39
-57 - (-7 + -31) - -68
49
2 + (-13 - (3 + -1)) + (1491 - 1455)
23
What is 143 - (292 + -309 - (1 - 23) - -4)?
134
Evaluate 4 - -42 - (4579 - 4549).
16
What is -3 + -12 - (-57 + 89)?
-47
Calculate -88 + 110 + (-18 - -2) + (0 - -5) + 61.
72
Evaluate -414 + 363 + (33 - 0).
-18
Evaluate (1045 - 997) + 1 + -1 + 1 - (7 + 0).
42
(-30 + 22 - 106) + -3 + 5 + 4
-108
What is the value of -2 - (1 + 3 + (4 + 11 - 14 - -10))?
-17
20 + -56 + 44 + 11 + -80
-61
What is the value of (-16 - (-5 - 3) - (-28 + 9)) + (14 - 7)?
18
Calculate 6 - (47 + -151 + 25).
85
Evaluate 4 - (-5 + -9 + (16 - 42)).
44
-7 - (-12 + 54 + -7 + -43)
1
Calculate -2 + 42 + 1 + -2 - (-54 + 40 - -12).
41
What is the value of -21 + 51 - (-23 + 2) - (0 + 2)?
49
What is the value of -12 - (-8 - (7 + -5) - (-6 - -64))?
56
Evaluate 1 + 73 - (-10 - (36 + (-19 - 40))).
61
3 + (0 - 23) - 0 - 3 - (136 - 133)
-26
Calculate -29 + (1 - 3) + (-2 - (19 - 31)).
-21
Calculate -52 + 23 + -22 - -97.
46
Evaluate -26 - 4 - (21 + -22).
-29
Evaluate -34 + (-10 - (13 + -9 + -7) - -12).
-29
What is the value of 0 + (17 - (-16 - 16)) + (4 - 0) + 6?
59
What is (3 + (-4 - 25) - 16) + (0 - -3) + -13?
-52
-10 + -9 + (67 - 64)
-16
What is (0 - -1) + -10 + (4 - -2) - (108 + -12)?
-99
(-54 - (-165 + 98)) + (1 + -27 - 0)
-13
What is the value of 22 - (3 + -15 - (-14 - -18 - (1 - -3)))?
34
Evaluate 47 + -34 + 46 + (4 - 12).
51
What is (-9 + 31 + 19 - 13) + -15?
13
Calculate 37 + (-7 - ((12 - 31) + -1)) - (9 + 1).
40
Evaluate -7 - ((-1 - -44) + (-1054 - -950)).
54
77 - (28 - -70 - 68)
47
Calculate (3 - (88 - 85)) + -37 + (2 - 4).
-39
110 + -88 - 24 - (2 + 32)
-36
Evaluate -9 + 22 + (-28 - -83) + -22.
46
-92 + (-32 - -8 - -27) + -28
-117
Evaluate 134 - (-16 + -9 - -108).
51
What is (-4 - -7) + (76 + -33 - 7)?
39
What is the value of -17 + (5 - 10) + (14 - (4 - 2)) + -11?
-21
149 + 16 + 58 + -169
54
-18 + -1 + 1 + 3 + -69 + 35 + 33
-16
(-10 - 0) + 5 + (77 - 76) + 29 + -2
23
What is the value of 9 - (-85 - -81 - (0 - -47))?
60
Calculate -15 + (184 + -82 - 60).
27
What is the value of 5 + (0 - 1) - (-244 + 472 + -236)?
12
Calculate 130 - 166 - (-8 - 4).
-24
What is the value of -47 - (-50 - (-7 - 51))?
-55
What is the value of (33 - 98) + (-223 - -244)?
-44
Evaluate 893 + -888 - (-12 - 43).
60
12 + (-7 + 0 - -20) + -3 + -3 + -2
17
Evaluate (-6 - -54) + (-1150 - -1149).
47
(23 - -42) + -31 - 108
-74
What is (2 - -7) + 2 + (-60 - (-8 - 3) - -7)?
-31
-35 - (15 - 37) - -23 - 6
4
-32 - (-15 + 35) - (55 - 51)
-56
595 + -629 - (38 + 0 + -1)
-71
What is the value of 32 - (6 + (-6 - 7) + -6 + 28)?
17
64 + -84 + (2 + (3 - -4) - -65)
54
Evaluate -4 + 48 - (119 + -72).
-3
What is 78 - (64 + -54) - 76?
-8
-50 - (-151 + 179 + 0 + -5)
-73
Calculate (-3 + 5 + 4 - -17) + 736 + -823.
-64
(315 - 309) + -10 + 0 - 14 - -7
-11
What is the value of -22 - ((1 - 4) + 659 + -670)?
-8
What is the value of -3 - (-5 + -45 + 53 - (13 - 0))?
7
What is (-13 - -123) + -273 + 216?
53
What is -2 + 42 + (31 - (22 - 0))?
49
What is -18 + -40 + 19 + 0?
-39
Evaluate (13 - 4 - 52) + -12 + -11 + 5 + -4.
-65
Evaluate -57 - (-38 + 48) - (-24 - -1).
-44
Evaluate (5 - ((9 - 3) + 127 + -27)) + (-16 - -2).
-115
What is the value of -88 + -1 + (1889 - 1764)?
36
Calculate -15 - (-30 + 29 + -3 + -37).
26
What is the value of (1 - 30) + (-1 + 9 - -6 - 23)?
-38
What is the value of (-30 - -7) + (73 - 51)?
-1
Evaluate 81 + 13 + (0 - -9 - (29 + -14 - 2)).
90
Evaluate -44 - (40 + -17) - -54.
-13
What is -10 + 9 + -3 + (3 - 1) + (-12 - 38)?
-52
Evaluate (-2107 - -2212) + -232 + 8.
-119
Calculate -84 + 25 + -13 + (23 - 17).
-66
What is the value of (-7 + -3 + (8 - (-16 - -10)) - 7) + 7?
4
What is -22 - (-10 - (-30 - 70))?
-112
(-2 - 4 - 1) + -82 + -601 + 610
-80
What is the value of 2 + (2 - (-21 + 18 + 3) - -33)?
37
Evaluate (-8 - ((1 - 2) + -82 + 67)) + -55.
-47
What is -1 - -7 - (42 - 0) - (-5 - 0)?
-31
-120 - (15 - (-47 - -119))
-63
Evaluate -82 - (1691 + -1647 + -17 + 1).
-110
Evaluate (-60 + 18 - -76) + 17 + -3.
48
What is (10 + -11 + 13 - 4) + 5 + 12?
25
What is (-1 - (-2 - -5)) + (-80 + 4 - (-169 + 152))?
-63
Calculate 101 + -165 + 123 - (5 + 19).
35
What is the value of 227 - 227 - (20 + 6 + -6)?
-20
Evaluate 2 + 3 - (-17 - -3 - (-73 + 50)).
-4
Evaluate -34 + 0 + -3 - (9 + (-9 - -24 - 27)).
-34
Calculate 2 + -11 + -3 + 0 + 8 - (624 + -615).
-13
What is the value of 265 + -306 + 33 + -6?
-14
2 + -3 + -2 + 4 - (53 - -33 - 170)
85
(1715 - 1695) + (0 - (2 - 3))
21
What is the value of (10 + -20 + 9 - -67) + (18 + -1 - 12)?
71
What is 10 + (-12 + 40 - 64)?
-26
-95 + -6 + -17 + 135
17
-11 - (-40 - (45 + -42))
32
What is the value of 983 + -970 + (2 - (-3 + 3))?
15
-68 + (-4 - -23) + (-4 - -5)
-48
Calculate -24 + (-10 - -98) - -52.
116
What is -6 + (-5 - (-19 + -10)) + -25?
-7
Calculate -15 + (-50 - (-18 - -4)) + 21.
-30
3 + -4 + 15 + 10 + 18
42
Evaluate -26 + -1 + -2 - (92 + -113) - (-19 - -3).
8
(1 - (-2 + 2)) + -114 + 120 - (-9 - 1)
17
Calculate -21 - -3 - (14 - 19).
-13
Calculate 3 - ((-100 - -49) + 24).
30
Evaluate (-63 - -9) + (-69 - -26 - -30).
-67
What is the value of (5 - 6 - 13) + 6 + 14 - 12 - -24?
18
What is 160 - -11 - 7 - (339 - 290)?
115
Calculate 293 - 393 - (-5 + -138).
43
2 + 15 - (39 - 18 - 11) - 2
5
What is -35 - (-11 + -54) - 106 - 14?
-90
What is the value of (88 - 55) + (-49 - -4)?
-12
What is -16 + 107 + (4 - 10) - 2?
83
What is the value of 24 + (-2 - (9 - -36))?
-23
-5 + 6 + -168 + 161 + 10
4
What is -17 - (-34 - (31 + -56) - (1 - -3))?
-4
2 + (13 - 2) - (23 + (21 - 33))
2
What is 35 + -20 + (-3 - -1) - (13 - 80)?
80
What is the value of -26 - ((-71 - -16) + 16 + 22)?
-9
Evaluate (14 - -11